b - 6*b, b = -5*d + 89481. Suppose 13*z - 5*z - d = l. Is z a composite number?
False
Let g be 1067*6 + 9/(9/5). Suppose a - 2310 - g = 0. Is a composite?
True
Let v be ((-4)/(-4))/((-3)/(-984)). Let s = v - 257. Is s a composite number?
False
Is ((-36)/72)/((-5)/11072650) a prime number?
False
Let k be 9/6*(28*1 + 2). Suppose 4*j = 26 - 2. Is 4274*(-2)/j*k/(-30) a prime number?
True
Is (-9 - -180907) + 585/(-39) composite?
False
Let k = 52288 + -1323. Is k a composite number?
True
Suppose -43*q - 389350 + 1404107 = 0. Is q composite?
False
Let q = -107 + 79. Let k = 65 + q. Suppose -k*t + 38*t = 7609. Is t a prime number?
False
Let z(j) = -2*j**3 - 9*j**2 - 17. Let h be z(-7). Suppose 3*n = 9717 - h. Is n prime?
True
Let f = -41635 - -284250. Is f composite?
True
Suppose -2*l - 2*d + 20 = 0, -3*l = -d + 15 - 29. Suppose -4326 + 11844 = l*h. Is h prime?
False
Let u = -30638 - -146785. Is u prime?
False
Let r(x) = -2*x - 2. Let j(f) = -31*f - 3. Let y(s) = j(s) - 4*r(s). Is y(-10) a prime number?
False
Let z = 44285 - 20201. Let k = 4601 + z. Is k a composite number?
True
Suppose -4 = -3*y + 5, 2*i + 4*y = 18. Let t(c) = 19*c**3 - c**2. Let m be t(6). Suppose -4*r = -5*o + m + 906, o = i*r + 986. Is o a composite number?
True
Suppose -112314*x + 112313*x + 313133 = 0. Is x prime?
True
Suppose 41 + 50 = 4*x - 5*a, -3 = -3*a. Suppose -2*o = 5*c - x, 0 = 2*c + 2*c - 16. Suppose 9*l = o*l + 1085. Is l composite?
True
Is 7*(-2326224)/224*(-3 + (-28)/(-12)) a prime number?
True
Let y be (12/18)/((-2)/(-18)). Let v be 6 - y - 0/(1*-2). Let c(g) = -g**2 - 2*g + 1637. Is c(v) a prime number?
True
Suppose 28 - 3 = h. Let w = 23 - h. Is (w/9*3)/(22/(-7887)) a prime number?
True
Let s(h) = -h**2 - 4*h + 18. Let n be s(-6). Suppose n*x + 2*x - 2136 = 0. Is x composite?
True
Let w(v) = -v**2 - 8*v + 3. Let p be w(-8). Let r(d) = 32*d**2 + 152*d - p - 324*d + 156*d. Is r(-5) prime?
True
Let a(q) = -4*q + 107. Let s be a(22). Suppose s*x = 3836 + 6215. Is x a prime number?
False
Let d(p) = -p**2 + 15*p - 52. Let r be d(8). Suppose -6*w + w + 3*n = -204383, -2*w + 81742 = -r*n. Is w a composite number?
False
Let l = 72 - 69. Let x(v) = 20*v**2 - 3. Let g be x(l). Suppose 4*c - g = 2347. Is c composite?
False
Is (-255)/1190 - (-5513738)/28 a composite number?
False
Let r = 337 - 337. Suppose 5*g = 4*g + 3*l + 8219, 2*g - l - 16428 = r. Is g composite?
True
Let w be 1*-402 + 1 + 2 + 2. Let m = 608 + w. Is m a prime number?
True
Let u be ((-35)/(-21))/(17/(-9) + 2). Let d be (-2)/u - 142922/(-15). Suppose -v - d = -9*v. Is v composite?
True
Is (-3 - -4)*(-6)/9*39453/(-2) prime?
True
Suppose -1741 = m - 16964. Suppose -2*h = -3*z + m, -506 + 20834 = 4*z + 5*h. Is z composite?
False
Suppose -f - 4 = -2*o + 7, 0 = 3*o - f - 16. Suppose -y = -z + 10, 0 = -3*y - o*z - 1 + 3. Let b(j) = -12*j + 13. Is b(y) prime?
False
Is ((-3)/(-12))/1*(-387 + 116303) composite?
False
Suppose -60*j = -69*j + 38268. Let n = j + -2595. Is n a composite number?
False
Suppose -3*t + 2*q + 10511 = 0, 13*t + 4*q = 11*t + 7034. Suppose -a - 5*y = -872, -4*a - 8*y + t = -7*y. Is a composite?
False
Let a be (4 - 120/(-21)) + (-6)/(-21). Suppose -4*s + a = s. Suppose 3478 = 5*h + 3*z, 6*h + 2*z - 2782 = s*h. Is h prime?
False
Let b(u) = -u**2 - u - 1. Suppose 3*a + 1 = 4*n - 1, -a = -2*n. Let c(w) = w**2 + w + 3. Let p(j) = a*c(j) - 5*b(j). Is p(5) a composite number?
False
Suppose 51*i - 437738 = 1823551. Is i a composite number?
True
Let x(f) = -f**3 - 4*f**2 + 8*f + 2. Let r be x(-20). Suppose -7*m = 2011 + r. Is 7 + -10 + (1 - m) a prime number?
False
Let y(s) = -1065*s + 1303. Is y(-20) prime?
False
Suppose -44*c - 140 = -16*c. Is -8*c/(-10) + 4551 a prime number?
True
Let f be (2 - 2)*(-1)/2. Suppose f = -45*b + 47*b + 674. Let d = 522 + b. Is d prime?
False
Let j(g) = -5*g + 32. Let y be j(9). Is y - -13 - -3683*1 prime?
False
Let s(p) = 10*p - 46. Let q be s(4). Is (q - (-3 - 10400)) + -6 a prime number?
True
Is (4 - 42/(-7)) + 20477 a prime number?
False
Suppose -112 = 40*y - 26*y. Is 4 + 19102 + y + 7 a composite number?
True
Suppose -2*k + l = -6*k + 175, -4*k + 190 = -2*l. Let r be 6/(-45) + (-1)/k*-141. Suppose -3*o - 736 = -4*t, 5*o + 545 = r*t + o. Is t prime?
False
Let a = -344 - -367. Suppose 0 = 3*t + 21*v - a*v - 3815, -4*t + 2*v = -5088. Is t prime?
False
Let b(r) = -r**2 - 7*r + 36. Let a be b(-10). Suppose -35706 = -3*i - n, -3 + a = -n. Is i prime?
True
Let a = -801 + 797. Is a/(-3)*(49826/56 - -5) a composite number?
False
Let x(r) = r**3 + 16*r**2 - 29*r - 95. Let q(t) = 22*t + 5. Let u be q(-1). Is x(u) a composite number?
False
Suppose 20*q - 25*q + 240265 = 0. Is q a prime number?
False
Let p(z) = 83474*z - 3239. Is p(5) prime?
True
Let r(n) = -1452*n + 683. Is r(-14) composite?
False
Is (82014/30)/(-4 - (-42)/10) prime?
True
Let r(f) = -f - 24. Let v be r(-22). Is (-39865)/(-15) - (8/(-6) - v) a prime number?
True
Suppose -84*w + 1910493 = 787066 - 3883897. Is w composite?
False
Suppose -136*k + 277*k + 557331 = 144*k. Is k a prime number?
False
Let g = 64603 + -35156. Is g a composite number?
True
Suppose 0 = 5*v - 5*f - 8659 - 13916, v + f - 4511 = 0. Is v a composite number?
False
Suppose -6*r - 396 = 66. Let w = r + 79. Suppose -3*q = w*f - 4607 + 830, 0 = 2*f. Is q a composite number?
False
Suppose -4*t + 2*t = 4, 5*g + 2*t + 14 = 0. Is ((-144)/120)/(g/8285) composite?
True
Suppose 2*u = -3*x + 40628, -x = 7*u - 2*u - 101609. Is u composite?
False
Let o(v) = 8*v**2 - 119*v - 2744. Is o(-55) a prime number?
True
Let v be (-147)/27 + 4/9. Is (-8053)/(-5)*(3 + 7 + v) a composite number?
False
Let y be ((-16)/(-6))/4 - 20/30. Suppose 0*k - 2*k - 8 = y, -2*k - 4 = 2*o. Suppose 5*x = 4*b + 643, b - o = 2*b. Is x a prime number?
True
Suppose 0 = 284*g - 299*g + 532365. Is g a prime number?
True
Suppose 2*b + 2*l + 1 - 27 = 0, -3*b + 33 = l. Suppose -5*a + 3*g + 1 = -b, -4*a - 4*g = -28. Suppose -a*r - 126 = -1994. Is r composite?
False
Let n = -75 - -78. Suppose -11 = n*k + 5*h, -5*h - 1 = k - 3*k. Is 470 + -3 + (k - -3) - -1 a prime number?
False
Suppose 63 = -10*h + 53. Let g(x) = -3080*x**3 - x**2. Is g(h) composite?
False
Suppose 5*s = -5, -247*z + 5*s + 632220 = -242*z. Is z prime?
True
Let n = -1 - -6. Suppose -n*u - 315 = 5*y, 3*u - 165 = 3*y - 2*u. Let f = -29 - y. Is f a composite number?
False
Suppose 2*x - 62805 = 7*x. Let v = -5498 - x. Is v a prime number?
False
Let c(x) = 17050*x - 4553. Is c(135) a composite number?
True
Let x(o) = 80*o**3 - 3*o**2 + 3*o - 3. Let p(d) = -d - 1. Let f(n) = -8*n - 58. Let w(l) = -f(l) + 4*p(l). Let a be w(-13). Is x(a) a prime number?
True
Let k = -38602 - -69749. Is k prime?
True
Let r(s) = 118 - 144 - 99 - 7168*s. Is r(-3) a composite number?
False
Let f = -626 + 625. Is f*42429*(3 - 50/15) prime?
True
Let a be 30*(3 + 35/(-10)). Let g be (-1)/(a/20*(-2)/(-3)). Suppose -3*i - 2904 = -p, -p - 5*i = -g*p + 2906. Is p prime?
False
Suppose 3*u + 4*i - 64 + 24 = 0, 0 = 2*i + 10. Suppose 5*m + t - 42201 = 0, -t = -u + 24. Is m a composite number?
True
Suppose 0 = -17*b + 20*b - 54. Suppose -14*q = -5*q - b. Suppose -5*a = 4*z - 5555, q*z = 4*a - 0*z - 4444. Is a a composite number?
True
Let c be 3*(-6)/45*-10. Let n(h) = 8*h**3 - 3*h**2 + 8*h - 3. Is n(c) composite?
True
Let h = 528 + -523. Let x(s) = 651*s + 72. Is x(h) prime?
False
Suppose -4*t + 10 = -10. Let q(p) = t + 49*p**2 - p**3 + 4*p - 1 - 47*p**2. Is q(-3) composite?
False
Let t(d) = 61122*d + 131. Is t(4) a composite number?
False
Let y be 1*(10 - (-7 + 14)). Is (-12133)/(-7) - (y - (-190)/(-70)) a prime number?
True
Let d(c) = 3200*c**2 + 133*c - 1907. Is d(18) prime?
False
Let o = 413546 - 239039. Is o prime?
False
Let d(z) = 4*z**3 + 20*z**2 + 42*z - 55. Is d(13) a prime number?
True
Let u be 13850/(-6) - 14/21. Is u*(-3 + 3 + 4 + -5) a prime number?
True
Suppose -21 = -4*y - 5. Suppose w = 5*f + 19, 10 = y*w + 3*f + 3. Suppose -w*a + a + 795 = 0. Is a a prime number?
False
Let u(b) = -9*b + 25*b**2 + 18 - 15 - 8. Is u(8) prime?
True
Let u(m) = 4*m**3 + 270*m**2 + 53*m + 505. Is u(-66) composite?
False
Suppose -v + 5 = 3. Suppose 2*y - v*r = -36, 3*r - 2 = y + 22. Let i(k) = 2*k**2 + 3*k + 32. Is i(y) a composite number?
True
Is -1*(33897/12 + 3)*-4 a compo